 and 15538263.
39
What is the greatest common factor of 1602318 and 2208?
138
Calculate the greatest common factor of 5429466 and 15765.
3153
What is the greatest common factor of 54255870 and 77562?
2502
What is the greatest common divisor of 42 and 13514354?
14
Calculate the highest common factor of 4551 and 341583.
3
Calculate the highest common factor of 1197 and 24252018.
399
What is the greatest common factor of 37547075 and 1695?
565
What is the highest common divisor of 48830 and 140065?
1285
Calculate the highest common factor of 2398 and 175817763.
1199
What is the highest common factor of 70224 and 48128?
16
Calculate the highest common factor of 371879288 and 264.
88
Calculate the greatest common divisor of 135364 and 430774.
86
Calculate the highest common divisor of 14 and 1280591844.
14
Calculate the highest common factor of 68002 and 9445534.
562
What is the highest common divisor of 173689 and 172487?
601
What is the greatest common divisor of 284744 and 7104?
8
Calculate the greatest common factor of 341 and 98845549.
11
Calculate the highest common factor of 251289870 and 104.
26
What is the greatest common factor of 543 and 7060629?
543
Calculate the greatest common divisor of 25807 and 46112.
131
What is the highest common factor of 12174946 and 84?
14
Calculate the greatest common factor of 453152857 and 401.
401
Calculate the highest common divisor of 8113 and 128739402.
1159
Calculate the greatest common factor of 5660 and 85593350.
2830
What is the highest common factor of 33099 and 248886?
33
What is the greatest common divisor of 573800035 and 5?
5
What is the highest common factor of 28764 and 3601008?
612
What is the greatest common factor of 11069767 and 3305?
661
Calculate the highest common divisor of 22421586 and 275.
11
Calculate the greatest common divisor of 6173881 and 2758.
7
Calculate the greatest common divisor of 81930 and 82590.
30
What is the greatest common factor of 86740 and 736?
4
What is the greatest common factor of 11970 and 234675?
315
Calculate the greatest common divisor of 2231698 and 14.
14
Calculate the greatest common divisor of 6330368 and 2024.
88
Calculate the greatest common divisor of 4232 and 2178376.
184
Calculate the greatest common factor of 34431 and 149523.
69
Calculate the greatest common divisor of 210400 and 102925.
25
Calculate the greatest common factor of 542988078 and 4578.
654
Calculate the greatest common factor of 45 and 2814309.
9
What is the highest common divisor of 67565830 and 11990?
1090
What is the highest common factor of 1415030 and 13490?
710
Calculate the highest common factor of 1035 and 35497740.
345
What is the highest common factor of 70 and 715554?
14
Calculate the greatest common factor of 4522 and 17262854.
238
What is the greatest common divisor of 6259840 and 8150?
10
Calculate the greatest common factor of 272506 and 171041.
2899
Calculate the greatest common divisor of 854 and 10242064.
14
Calculate the highest common factor of 639600 and 842960.
3280
Calculate the highest common divisor of 5198184 and 152789.
1679
Calculate the greatest common divisor of 1700232 and 32.
8
Calculate the highest common factor of 70756 and 48608.
196
Calculate the greatest common divisor of 15 and 59840745.
15
Calculate the highest common divisor of 6064577 and 21.
1
Calculate the greatest common factor of 63612 and 29731428.
2052
What is the greatest common factor of 1329676214 and 142?
142
Calculate the highest common factor of 3956 and 5588839.
989
What is the greatest common divisor of 2280784 and 832?
16
What is the highest common factor of 737 and 17616377?
67
Calculate the highest common factor of 20871042 and 1074.
1074
Calculate the highest common factor of 18 and 9622166.
2
Calculate the greatest common divisor of 98 and 5762246.
14
What is the greatest common divisor of 9352 and 7461104?
56
Calculate the greatest common factor of 5640888 and 66792.
6072
Calculate the highest common factor of 169459 and 27936.
97
Calculate the greatest common factor of 112 and 46307884.
28
What is the highest common divisor of 28244180 and 940?
940
Calculate the greatest common factor of 20215 and 29510790.
1555
Calculate the highest common divisor of 17 and 106363.
1
What is the greatest common divisor of 9825 and 291195?
15
Calculate the highest common factor of 8948379 and 22.
11
What is the greatest common divisor of 43120 and 53584?
16
Calculate the greatest common factor of 188 and 151011.
47
Calculate the highest common factor of 1115928 and 3564.
396
What is the highest common factor of 945666953 and 77?
77
Calculate the highest common factor of 19676702 and 8.
2
Calculate the greatest common factor of 549410 and 15000.
10
What is the greatest common factor of 546 and 61777695?
21
What is the highest common divisor of 1096 and 3613931768?
1096
Calculate the greatest common factor of 996114 and 1554.
1554
Calculate the highest common divisor of 11418 and 4356.
66
What is the greatest common divisor of 801402 and 70?
14
What is the highest common factor of 2086 and 100954?
14
Calculate the greatest common divisor of 65055643 and 164.
41
Calculate the greatest common divisor of 2181990 and 720.
30
What is the greatest common divisor of 760 and 1055571600?
760
What is the highest common factor of 1235 and 3924089?
247
Calculate the highest common factor of 1176 and 13215692.
196
What is the greatest common divisor of 244 and 6818458?
122
Calculate the highest common divisor of 25 and 1087935.
5
What is the highest common factor of 15710 and 317480?
10
What is the highest common divisor of 8030 and 168432170?
730
Calculate the greatest common factor of 451 and 6031469.
41
What is the greatest common divisor of 86093 and 144746?
343
Calculate the highest common divisor of 28873 and 2649653.
2221
Calculate the greatest common factor of 630160803 and 324.
81
Calculate the highest common divisor of 35224 and 104930224.
2072
What is the highest common divisor of 72334 and 54?
2
Calculate the highest common divisor of 2718 and 313074.
18
What is the greatest common factor of 10 and 509570?
10
Calculate the greatest common divisor of 7880 and 8639238.
394
Calculate the highest common factor of 1782 and 382690.
22
Calculate the greatest common factor of 83352 and 33672.
552
What is the greatest common divisor of 9 and 560612025?
9
What is the greatest common divisor of 43401 and 9890?
23
What is the greatest common divisor of 422538 and 102?
6
Calculate the greatest common divisor of 12147050 and 415.
415
Calculate the greatest common divisor of 183148 and 67907.
7
What is the greatest common factor of 1694 and 16635542?
154
Calculate the highest common divisor of 38 and 118920506.
38
Calculate the highest common factor of 115995 and 469920.
165
Calculate the greatest common factor of 2520 and 8976330.
90
Calculate the highest common factor of 889201 and 57952.
1811
Calculate the greatest common factor of 21334524 and 3519.
1173
What is the greatest common divisor of 190 and 212558795?
95
Calculate the highest common factor of 216480 and 1745040.
2640
Calculate the highest common divisor of 3720 and 2567265.
465
What is the greatest common divisor of 25848240 and 42240?
2640
What is the greatest common factor of 4126 and 144620426?
4126
What is the greatest common factor of 8662 and 171678?
142
What is the highest common divisor of 3635420 and 140?
20
Calculate the greatest common divisor of 1576513 and 75249.
929
Calculate the highest common factor of 84898 and 30294.
374
What is the greatest common divisor of 1500 and 6338?
2
Calculate the greatest common factor of 169 and 135299723.
13
Calculate the highest common divisor of 43906 and 11441298.
1514
What is the greatest common factor of 89365 and 222040?
305
Calculate the highest common divisor of 73906229 and 5.
1
Calculate the highest common divisor of 47901 and 2382.
3
What is the highest common divisor of 47895 and 919275?
1545
Calculate the greatest common factor of 1122 and 248048394.
1122
Calculate the highest common factor of 81597 and 5900.
59
Calculate the greatest common factor of 260369153 and 55.
11
Calculate the greatest common factor of 274 and 17506271.
137
What is the greatest common factor of 1616 an